 259*s + 257. Calculate the remainder when k(-1) is divided by 214.
190
Calculate the remainder when -2 - (-25468)/(-10)*-5 is divided by 119.
118
Calculate the remainder when 2158/((-91)/7)*-4 is divided by 59.
15
Suppose -2*q - 3 = 3. Let d(r) = -r**3 - 2*r**2 - 4. Let o be d(q). Suppose -o*t = -1 - 29. Calculate the remainder when 16 is divided by t.
4
Suppose 5*u = -5*a - 446 + 636, 2*a - u - 46 = 0. Calculate the remainder when a is divided by (-1 + (-34)/(-2))/1.
12
Let n(m) = 5*m + 192. Calculate the remainder when 1158 is divided by n(-29).
30
Calculate the remainder when -3 - (-123)/39 - (-16386980)/1105 is divided by 6.
4
Suppose -2*a + 2*j + 10099 = -141, 5*j + 20476 = 4*a. What is the remainder when a is divided by 22?
20
What is the remainder when 8414 is divided by -2*(-1152)/42 - (-1)/7?
54
Let p(r) = -7*r - 102. Let g be p(-9). Suppose 0*d = d + 50. Let i = g - d. What is the remainder when 20 is divided by i?
9
Suppose -4*f + 197 = 5628*l - 5625*l, -4*l + 3*f = -196. Suppose -3*i + 67 = -5*s, -4*s + 6*s = 2*i - 38. Calculate the remainder when l is divided by i.
13
Let k(i) = -20*i - 172. What is the remainder when 1279 is divided by k(-18)?
151
Let r(f) = 14 + f + f - 3*f + 1. Calculate the remainder when (0 - -4) + 318/6 is divided by r(0).
12
Suppose -4562844 = 344*y - 500*y. What is the remainder when y is divided by 71?
68
Let c(t) = 4*t**2 + 2*t + 2. What is the remainder when (-4 + 138/2)*(-6 + 49/7) is divided by c(-2)?
9
Let q = -85 + 105. Suppose -5*d + h + 5 = -0*h, -10 = -2*h. Suppose q = -b + d*b. Calculate the remainder when b is divided by 11.
9
Let m be 210/1*(-4)/(-6). Suppose 4*j - 3*c - 147 = 0, -2*j - 2*j - 4*c = -m. What is the remainder when j is divided by (-3)/5 - 544/(-40)?
10
Suppose -145 = -14*y + 233. Let w = 185 - y. Calculate the remainder when w is divided by 40.
38
Calculate the remainder when 162 is divided by 185*2*28/110 - 4/22.
68
Let k(n) = 6*n - 13. Let i be k(10). Suppose -5*x = 3*r - 56, 3*x = r - x - i. What is the remainder when r is divided by ((-22)/3)/(1*(-8)/12)?
5
Let y = -474 + 261. Let q = y - -326. Calculate the remainder when q is divided by 19.
18
Let n be 30/6 + -5 + 22 + -2. Let x(f) = -2*f + 41. Let v be x(n). Calculate the remainder when 171 is divided by (2/7)/(404/(-406) + v).
55
Let n = -49 + 28. Let c = 24 + n. Suppose -c*a + 3 = 5*p - 2*p, -4*p = 2*a - 14. Calculate the remainder when 53 is divided by p.
5
Let y = 24 - 24. Suppose y = -o - 7*o + 32. Suppose -2*t = -o*r - 224 + 2, -t = -3*r - 116. Calculate the remainder when t is divided by 52.
49
Let i(y) = -89*y - 2. Calculate the remainder when i(-3) is divided by 243/(-108) - (-8)/32 - -32.
25
Let s = 1077 - -675. Calculate the remainder when s is divided by 583.
3
Calculate the remainder when (5/8)/(5658/(-2832) + 2) is divided by 133.
29
Let z = -8629 - -8688. What is the remainder when 160 is divided by z?
42
Let l(m) = 92*m**2 + 1378*m + 23. What is the remainder when l(-15) is divided by 4/10 + 318/30?
9
Suppose -1284 = 9*u - 29*u + 16*u. What is the remainder when u is divided by ((-36)/(-10))/(4/40)?
33
Let s = -65 - -81. Suppose 5*n = 3*i - 0*n - s, -3*n = -5*i + 16. What is the remainder when (-3 + 7)*(-2)/(-1) is divided by i?
0
Let c be -25*((-24)/20 + 0). Suppose -3*g - 9 = 0, 4*i - 5*g + c = 161. Calculate the remainder when 109 is divided by i.
22
Let h(y) be the third derivative of 47*y**4/24 + y**3 - 2*y**2. Suppose -45*l = -31*l - 28. What is the remainder when h(l) is divided by 17?
15
Let r = 608 - 519. Let x = 30 + -34. Calculate the remainder when r is divided by (-2 + -6)/x + 16.
17
Let y(p) = 10*p**2 + 4*p - 13. Let f be ((-24)/(-64)*4)/((-3)/8). What is the remainder when y(f) is divided by 66?
65
Let c(l) = -l**3 + 19*l**2 + 13. Let h be c(17). Suppose 202 = 592*b - h*b. Calculate the remainder when b is divided by 53.
43
Suppose -2*n = 2*c - 62, -3*n - 19 = c - 2*c. Let h = c - 25. Let s(t) = t**2 - t - 11. Calculate the remainder when s(5) is divided by h.
0
Suppose 3*h + 19162 = 4*b, -14365 = -3*b + 45*h - 46*h. What is the remainder when b is divided by 10?
9
Let y(f) = 6*f**2 + 4*f + 5. Let a be y(-2). What is the remainder when 4*(-2)/(4/(-13)) is divided by (-60)/a*7/(-2)?
6
Let q = -571 + -215. Let b = q + 839. Calculate the remainder when 66 is divided by b.
13
Suppose -2*n + 2*i + 26 = n, 4*i + 28 = 4*n. Let z be 1*10*3 - (-130 - -135). What is the remainder when 86/(-1075) - (-827)/z is divided by n?
9
Let v be -3*(4 + 2) + 6. Let x = 99 - v. What is the remainder when x is divided by 28?
27
Let a be (592/112 - (-2)/(-7)) + -2. Let t = 42 + a. What is the remainder when t is divided by 21?
3
Suppose -2548*m + 1127 = -2525*m. Suppose 5*d + u + 66 = 362, 241 = 4*d + 5*u. Suppose m + d = 4*k. Calculate the remainder when 52 is divided by k.
25
Suppose 2*p = 7*p - 20. Let n be (-8257)/(-161) + (p/(-14) - 0). Suppose -4*k - 4*x + n = -k, 5*k - 85 = 4*x. What is the remainder when 27 is divided by k?
10
Let x(z) = -14*z - 3. Let m(i) = 178*i + 1074. Calculate the remainder when x(-4) is divided by m(-6).
5
Let t = -4481 + 4490. What is the remainder when 727 is divided by t?
7
Let b be 7/560*-8 - 21/(-10). Calculate the remainder when ((-1336)/16 - -9)/(b/(-4)) is divided by 40.
29
Let j = -35 + 67. Calculate the remainder when j is divided by 18971/933 - (-2)/(-6).
12
Suppose -59*k + 9721 + 5183 = 13*k. What is the remainder when 1675 is divided by k?
19
Suppose -3*g + 187 = -71. Suppose g = 9*o - 121. Let v(j) = 3*j - 3. What is the remainder when o is divided by v(4)?
5
Suppose 3*t = 2*w + 6, 2*t - 5*t + 3*w = -3. Suppose t*u - 4*o = -41 - 79, -57 = 2*u - o. Let v = -20 - u. What is the remainder when 46 is divided by v?
4
Let k = 113 + -119. Let v = k - -44. What is the remainder when ((-53)/(-3))/(-3*3/(-135)) is divided by v?
37
Let g be (-2)/4*-1*3*-4. Let w be 3/(-3)*0/g. Suppose -4*h - 2*i + 3*i + 203 = w, -2*i = 6. Calculate the remainder when h is divided by 17.
16
Suppose -5*p + 4638 = 4*n, -5*p - 1171*n + 1170*n = -4647. Calculate the remainder when p is divided by 85.
80
Suppose -4*q + 170 = 13*q. Suppose -2*f - q = -3*f. Let l = -25 - -93. What is the remainder when l is divided by f?
8
Let j(f) = f**2 - 2*f + 10. Let r(n) = n + 14. Let d be r(-8). Suppose -9 = -3*k + 27. Calculate the remainder when j(d) is divided by k.
10
Let n(j) = j**3 - 6*j**2 + 315*j - 2199. Let g = 276 - 128. Calculate the remainder when g is divided by n(7).
38
What is the remainder when (-1)/(2/3736)*193/(-386) is divided by 71?
11
Let q(d) = -7*d - 69. Let v be q(-9). What is the remainder when (-12)/(-8)*(-196)/v is divided by (-20)/(-150) - (-416)/30?
7
Let z(q) = 18*q**2 - 5*q - 12. Let l be z(-3). Suppose 13*s - 2*s = -l. Calculate the remainder when 57 is divided by ((-24)/(-10))/(s/(-200)).
25
Let j be (-5)/(0 + 5) - -143. Suppose 143*z = j*z + 21. Calculate the remainder when 37 is divided by z.
16
Let k(r) = r**3 + r**2 - 3*r - 1. Let x be k(4). Suppose -5*u + 124 = -3*o + 5*o, -o = 5*u - x. Calculate the remainder when 221 is divided by o.
50
Let i(w) = 2*w**2 + 16*w + 54. Let g be i(-6). Suppose -2*o + m - g = 3*o, -3*m = 15. Let s(u) = -9*u - 41. What is the remainder when 42 is divided by s(o)?
20
Suppose -60 = -7*m + 87. Suppose 2*x = 11 - m. Calculate the remainder when 16*x/(-30)*(-198)/(-4) is divided by 27.
24
Suppose 0*c + 0*c + 3*c - 3 = 0. Let l(p) = p**2 + 0 + 4*p**2 - 1 - 2*p**2. Calculate the remainder when l(1) is divided by c.
0
Let j = 775 - 679. Suppose d = 4, 4*i + 0*d - 5*d = j. What is the remainder when 289 is divided by i?
28
Let m be 22178/(-286) - (-12)/22. Suppose 3*d - 3*a - 253 = 2*a, -2*a + 88 = d. Let o = d + m. What is the remainder when 22 is divided by o?
4
Let u be 1/(-3) - ((-1264)/(-24) - -8). Let c = u + 75. What is the remainder when 51 is divided by (c/(-35))/((-1)/15)?
3
Let d be 12/(-18) + (-150)/(-9). Let c(y) = d - y**2 - 35 - 20*y + 4*y. What is the remainder when 120 is divided by c(-10)?
38
Let v = 184 - 142. Suppose 5*w - 22 = -3*z, 3*z + 20 = 6*z + 4*w. Calculate the remainder when v is divided by z.
2
Let n(b) = b - 12*b - 100 + 30 + 119 + 140. What is the remainder when n(0) is divided by 32?
29
Let s(u) = u**2 - 119*u - 4617. W